-72 - -102. Suppose 5*j = 4*j + 75. Calculate the greatest common factor of j and l.
15
Let x be (3 - 351/5)*(-40)/12. What is the highest common divisor of 7 and x?
7
Let y(c) = 39*c - 27. Let d be y(9). Let t = d - 198. Calculate the greatest common factor of t and 14.
14
Let j(a) = a**2 + 7*a + 12. Let y be j(8). Suppose -59 = -5*k + 1. What is the highest common divisor of k and y?
12
Suppose 0 = -4*h - 0*h + 56. Let a be 5674/30 + h/(-105). What is the highest common divisor of 21 and a?
21
Let s(v) = -v**3 + 17*v**2 - 39*v + 40. Let t be s(14). What is the highest common divisor of t and 2?
2
Let f be ((-21)/(-14))/(-3*(-3)/30). Suppose -5*w + f*b + 246 + 24 = 0, 3*w - 162 = -3*b. What is the highest common divisor of w and 18?
18
Suppose 3*g - 2*m = 4*g + 7, g = -5*m - 22. Suppose 0 = -5*v + g*v + 44. What is the greatest common factor of 2 and v?
2
Suppose 0 = x + l - 4 - 21, 0 = -5*x - 2*l + 131. What is the greatest common divisor of 15 and x?
3
Let g be -1*32/(-12)*18/4. Let w be (-5)/((-20)/g) - -51. Calculate the greatest common factor of 135 and w.
27
Let y = -19 - -21. Suppose 0 = -y*z + 22 + 10. Calculate the highest common divisor of z and 112.
16
Let v(b) = -141*b**2 + 1. Let k be v(1). Let m = k - -150. Calculate the greatest common divisor of m and 55.
5
Let l be 2/((-8)/(-6))*2. Let q be 39/l - 3/1. What is the greatest common factor of 10 and q?
10
Suppose 14*g - 72 = 13*g. What is the greatest common divisor of 32 and g?
8
Suppose -6 - 12 = -l. Let k be (1 + l/(-10))*-10. Suppose 0 = -4*z + z + 168. Calculate the highest common factor of z and k.
8
Suppose 4*f = 11 - 27. Let l be (7 + f - 2) + 20. Let u = -10 + l. Calculate the highest common divisor of 1 and u.
1
Suppose 25 = 5*b, 41 = -10*m + 12*m + b. What is the greatest common divisor of m and 12?
6
Let j(b) = 11*b**2 + 2*b + 3. Let u be j(-1). Let q(d) = d**2 + 2*d - 3. Let k be q(-5). What is the greatest common divisor of u and k?
12
Let r = -10 - -14. Suppose -324 = -0*m - r*m. Let h = -7 + 16. Calculate the greatest common factor of m and h.
9
Suppose 0 = -3*d - 0*o + 5*o - 10, -5*d - 3*o + 40 = 0. Let v be (d - -1)/(-3) + 212*1. Calculate the greatest common factor of v and 30.
30
Let z = 392 + 568. What is the greatest common divisor of 48 and z?
48
Let t be 5 - 5/((-5)/43). Calculate the greatest common factor of 40 and t.
8
Let p(y) = 49*y - 42. Let m be p(2). What is the greatest common factor of m and 70?
14
Suppose 3146 - 1034 = 16*d. What is the highest common divisor of 300 and d?
12
Let a(n) = -128*n + 52. Let y be a(-1). Calculate the greatest common divisor of y and 8.
4
Suppose 4*l + 19 = -33. Let r = 17 + l. Let f be 1 + -2 - (r + -7). Calculate the greatest common divisor of f and 3.
1
Suppose -4*z + 320 = 2*j, z - 80 = -3*j - 0*j. Let t be (-3774)/(-119) - -2*(-2)/(-14). What is the greatest common divisor of t and z?
16
Let b = 61 + -17. Calculate the highest common divisor of 16 and b.
4
Let j = 4 - 2. Suppose j*o - 9 = 13. Calculate the highest common divisor of 33 and o.
11
Let f = 15 - 9. Let h be (-39)/(-2)*(-88)/f. Let j = -141 - h. What is the greatest common divisor of j and 29?
29
Let x(h) = -7*h**3 - 4*h**2 - 3*h - 2. Let n be x(-3). Suppose 4*f + c - n = 0, f - c - 40 = -3*c. Calculate the highest common factor of f and 100.
20
Let t = -576 + 661. Calculate the highest common factor of 5 and t.
5
Suppose -33*i - 294 + 2076 = 0. Let v = 2 + -1. Let u be (-18)/(-4)*v*8. Calculate the greatest common divisor of u and i.
18
Let s be (-2)/19 + (-3820)/(-190). Calculate the highest common divisor of s and 4.
4
Suppose 0 = 3*m - 12, -x + 7 = -4*m - 3. Let j be 8*-2*x/(-16). Suppose -15 = -4*q - 7, -3*q - j = -4*p. Calculate the greatest common factor of p and 48.
8
Let i be ((-3)/1)/((-4)/4). Suppose -i*w + 33 = -x + 5*x, -4*w = 20. Calculate the highest common factor of 84 and x.
12
Let o be 300/(-70)*28/(-10). What is the highest common factor of 384 and o?
12
Let c(u) = u**3 - 13*u**2 + 13*u - 4. Let l be c(12). What is the highest common divisor of 20 and l?
4
Let g be 245/77 - 6/33. Suppose -2*k = -g*h + 528, 0 = 2*k + k. Calculate the highest common divisor of h and 16.
16
Suppose -k - v + 1 = -1, -5*v - 5 = 0. Let c be (k/2)/(7/14). Calculate the greatest common divisor of 27 and c.
3
Let k be 11 - 1 - (-5)/(70/364). Let m = 690 + -402. Calculate the greatest common factor of m and k.
36
Let k(w) = 4*w - 86 + 4*w + 86 - w**3. Let d be k(-4). What is the greatest common divisor of 352 and d?
32
Let o be (-1 + 4/2)*21. Let m(q) = -6*q + 9. Let r be m(0). Let z = o - r. What is the highest common factor of z and 12?
12
Suppose -5*z + 2*z - 4*h + 1231 = 0, -2*h = z - 413. Suppose 0 = -6*t + t + z. Calculate the greatest common divisor of 9 and t.
9
Let j be 19 - (-2)/((-2)/(-1)). Let h be ((-15)/j)/((-3)/72). Calculate the greatest common factor of h and 6.
6
Let n(l) = -6*l + 288. Let i be n(-17). What is the highest common factor of 60 and i?
30
Suppose 0 = 9*p - 549 - 711. What is the highest common factor of p and 350?
70
Suppose 0 = -2*v - 3*o + 199, 4*v = o - 161 + 580. Suppose -6*n = -v - 94. Let y = -15 + n. What is the highest common factor of y and 54?
18
Let s(u) = u**2 - u + 74. Let y be s(0). Let a be 13 + 1/(3/(-9)). Let j = y - a. What is the highest common factor of 8 and j?
8
Suppose -5*f = 5*n - 103 + 3, 2*n + f = 37. Suppose 0 = 2*b + 5*r + 5 - 1, 4*r + n = 3*b. Calculate the greatest common divisor of b and 57.
3
Let k be (-18942)/(-99) - (-8)/(-6). Calculate the highest common divisor of k and 114.
38
Suppose -j = -1 + 6. Let z = 7 + j. Suppose 0 = -2*m + 2*c - z - 0, -5*m - 2*c + 30 = 0. What is the greatest common factor of m and 4?
4
Let t(f) = -323*f + 1. Let d be t(1). Let v = d + 601. Calculate the greatest common divisor of 31 and v.
31
Suppose -h + 142 - 32 = 0. Suppose 0*v = 2*v. Suppose t - 57 + 13 = v. Calculate the greatest common factor of t and h.
22
Let z(k) = -k**2 + 11*k - 16. Let r be z(9). Suppose -r*a + 228 = -152. Calculate the highest common divisor of 38 and a.
38
Let q(j) be the third derivative of -j**5/60 - 2*j**4/3 + j**3/2 + 22*j**2. Let s be q(-15). What is the highest common divisor of s and 18?
18
Let k be -9*(2 + (-14)/3). Let s = 1123 + -1027. What is the highest common factor of k and s?
24
Let o be (7 - -255) + -5 + -1*4. Calculate the highest common factor of 23 and o.
23
Let v be (4/5)/(8/20). Let g = 1 - -5. Let z be (-70)/g*12/(-10). Calculate the greatest common divisor of v and z.
2
Let m be 1 + -2 + 4 - -2. Suppose q - 4*o = 6*q - 14, -5*q + m*o = -50. Calculate the highest common factor of 24 and q.
6
Let q(g) = -10*g. Let k be q(-2). Let j = 101 + -21. Suppose h + 0*h = 5*o + j, h + o - 80 = 0. Calculate the highest common divisor of h and k.
20
Let z be (-53)/(((-1105)/(-185) - 6)*1). What is the highest common divisor of z and 37?
37
Let c(w) = w**2 + 2*w - 3. Let j be c(-3). Let p(m) = -m**3 + 2*m + 13. Let k be p(j). Calculate the highest common divisor of k and 169.
13
Let d(k) = 8*k**2 + 29*k + 29. Let t be d(-1). Let b(i) = i**2 - 7*i - 4. Let o be b(-5). What is the greatest common divisor of t and o?
8
Let h be -75*(1 - -1 - (-372)/(-155)). Calculate the highest common divisor of 2445 and h.
15
Suppose -5*d = d - 234. Calculate the greatest common factor of d and 52.
13
Let x = -2 + 23. Suppose -7*o + 0*o + 49 = 0. What is the highest common divisor of o and x?
7
Suppose 0*q + 144 = 4*q. Let s(h) = h - 9. Let y(g) = -g + 14. Let a(i) = 8*s(i) + 5*y(i). Let l be a(2). Calculate the greatest common factor of l and q.
4
Let f be 43 - (-1 - 3/3). Let b = 668 + -653. What is the highest common divisor of b and f?
15
Suppose 4*d + 10 = 2*y - 0*d, 3*y + 2*d + 17 = 0. Let h be y/3*(-6)/(-2) - -129. What is the greatest common divisor of 14 and h?
14
Suppose 5*v = -3*x - x + 41, -14 = -x - 2*v. Let d(b) = b**3 - 6*b**2 + 16*b - 2. Let z be d(x). What is the greatest common factor of z and 12?
6
Suppose 10*z - 9381 = 279. Calculate the greatest common factor of z and 42.
42
Suppose 5*n - 32*n = -432. What is the greatest common factor of 3 and n?
1
Suppose 3 = -3*r, 5*p - 60*r = -57*r + 88. Calculate the greatest common divisor of p and 544.
17
Let k(h) = -h**3 - 3*h**2